2*j - 4*j + u, 0 = 5*j - 3*u + 11. Let x be v(j). Let n = x + -376. What are the prime factors of n?
3, 73
Let o(w) = w + 5. Let u be o(4). Let k be 3/(-3) + 6 - (-9)/u. What are the prime factors of (7 - k)/((-1)/(-5))?
5
Suppose l + 30670 = 2*n, 4*n - l - 74347 = -13007. What are the prime factors of n?
5, 3067
Let p = -65 + 68. Suppose -p*n + 7*n + 588 = 0. Let s = -52 - n. List the prime factors of s.
5, 19
Suppose 0 = 167*z - 224*z + 365484. List the prime factors of z.
2, 7, 229
Suppose -29*z + 6*z + 6*z = -176307. What are the prime factors of z?
3, 3457
Suppose -5*z = -2*b + 34, 3*z = -3*b - 3 + 12. Suppose 3*c - 143 = r, 5*r = 6*r - 1. Suppose b*u = 188 - c. What are the prime factors of u?
2, 5
Suppose 3*i - 13 = 5. Suppose -2*f + i = -t, 2*t + f = -3*f + 20. Suppose t*a - 66 = 136. What are the prime factors of a?
101
Let l = -28599 - -40098. List the prime factors of l.
3, 3833
Let n = -53 + 66. Suppose 0 = n*z - 6*z - 5320. What are the prime factors of z?
2, 5, 19
Let z be (((-56)/(-3))/2)/(2/6). Suppose 0 = -2*c - z + 118. Let i = c + 74. List the prime factors of i.
7, 17
Let v = -148 - -153. Suppose -15*m - 5*g = -19*m + 5335, 6675 = v*m - 5*g. List the prime factors of m.
2, 5, 67
Let n(q) = q**3 - 5*q**2 + 7*q. Let p be n(3). Let j be -4 + (9 - p) + 50. Suppose -j - 12 = -4*t. What are the prime factors of t?
2
Suppose 5*u - 5*t = 50690, -10*u + 2*t + 1116 = -100224. What are the prime factors of u?
10133
Let z be 32/(-10)*(-6565)/26 + -5. Let r = z - 560. List the prime factors of r.
3
Let g(z) = -z**3 + 5*z**2 + z + 55. Let u be g(5). What are the prime factors of (-2)/(-2)*6*7510/u?
751
Let o = -41 - -43. Suppose o*z - 5 = 11. Suppose 3*t - 132 = -2*j + z*t, t - 164 = -3*j. List the prime factors of j.
2, 7
Suppose -1783 = -h - g, 3*h + 4*g + g = 5347. Let j(s) = s - 1766 - 2*s**2 - s**3 + h + 3*s**2. What are the prime factors of j(0)?
2, 3
Suppose -5*s = -65 + 600. Let c = s + 77. What are the prime factors of (c/(-21))/5 + 782/7?
2, 7
Let u be (130/(-14) - (-18)/63)*-9. Suppose -707 = -4*k + u. What are the prime factors of (k - 2)*(-6 - -3)/(-3)?
3, 5, 13
Let x be -14*21/28*(-4)/6. Suppose -x*l - 15*l + 30206 = 0. List the prime factors of l.
1373
Let i be 394 + (-49)/7 - 3. Suppose -2*b + 654 = 4*z - i, 779 = 3*z + b. List the prime factors of z.
2, 5, 13
Let k = -7513 + 1153. List the prime factors of (k/160)/((-6)/56).
7, 53
Let w = 3760 - -1442. Suppose 3*d + 957 = w. List the prime factors of d.
5, 283
Let q = 325 + 141. Let i be -1*(-5 - 0)*1. Suppose 0 = 5*v - 5*k - 570, -4*v = -i*k - q + 14. What are the prime factors of v?
2, 59
Let g be (-3)/3 + (2 - -19). Let w be (2 - (-20)/(-8))/((-2)/g). Suppose -w*s + 308 = -3*s. What are the prime factors of s?
2, 7, 11
Let f(r) be the first derivative of -r**3 - r**2 - 9*r - 16. Let m be f(7). Let d = m - -238. List the prime factors of d.
2, 17
Suppose 384 = -9*w + 33. Let b(y) = y**3 + 42*y**2 + 90*y + 35. List the prime factors of b(w).
2, 17
Suppose -2*c - 957 - 485 = -4*u, 5 = -c. Let p = u + -19. List the prime factors of p.
3, 113
Let w = 12049 + -3772. List the prime factors of w.
3, 31, 89
Suppose 0 = 4*z + 4*b, 3*z - b + 12 = 2*b. List the prime factors of (264/(-2))/(0 + z).
2, 3, 11
Suppose 0 = -v + 5*s + 3, -3*v - 2*s - 2*s + 9 = 0. Suppose -6*l + 2*l - n = -1735, 1325 = v*l - 4*n. List the prime factors of l.
3, 5, 29
Let r = 3822 - -2661. What are the prime factors of r?
3, 2161
Suppose -300*w - 19360 = -302*w + 4*b, -29016 = -3*w + 2*b. What are the prime factors of w?
2, 2417
Let m(r) = -9037*r + 660. What are the prime factors of m(-2)?
2, 17, 19, 29
Let s(v) = -v - 13 + 5 - 5. Let r be s(3). Let o = 57 + r. List the prime factors of o.
41
Let r be 316/(-553) + (-5636)/(-14). List the prime factors of (r/(-3))/(-4 - (-70)/18).
2, 3, 67
Let c = 27027 - 16887. What are the prime factors of c?
2, 3, 5, 13
Suppose 22*f = 25*f - 768. Suppose k - 46 = -5*p + 30, 4*k - 4*p - f = 0. What are the prime factors of k?
2, 3, 11
Let s = 644 - -3434. What are the prime factors of s?
2, 2039
Suppose -k + 124112 = 3*c, 5*c - 4*k - 206859 = -0*k. List the prime factors of c/77 + (-4)/14.
3, 179
Suppose -4*o = m - 6, -m - 1 = 5*o - 4*m. Let p = o - -30. Suppose -2*x + 3*b + p = -31, -x = 4*b - 42. What are the prime factors of x?
2, 17
Let z = 2292 - 1028. Suppose -3*c + 242 + z = 0. What are the prime factors of c?
2, 251
Let k = 8 + -20. Let c(l) = -2*l**2 + 2*l + 13. Let f be c(-7). Let t = k - f. What are the prime factors of t?
3, 29
List the prime factors of 20/(-90) + 71734/18.
5, 797
Let k(f) = 30*f + 11. Let n be k(8). Let u = -293 - -119. Let t = n + u. What are the prime factors of t?
7, 11
Let n(v) be the first derivative of 23*v**3/3 - 11*v**2/2 + 2*v - 112. List the prime factors of n(5).
2, 3, 29
Suppose 0 = 5*f - 4*u - 160850, -10*f + 373028 = -u + 51328. List the prime factors of f.
2, 5, 3217
Suppose a = -4*y + 241, 4*a + 68 = 4*y - 148. Suppose 0*b - 67024 = -y*b. What are the prime factors of b?
2, 71
Suppose -3*g + 97 = 2*q - 2*g, 2*g = 2*q - 106. Suppose -12*m + 17*m = q. Suppose -2*f - 560 = -m*f. What are the prime factors of f?
2, 5, 7
Suppose -1547810 = -91*j + 1931939. List the prime factors of j.
38239
Suppose 5*k = 6*k + 31. Let f = -34 - k. List the prime factors of -4 - f/((-15)/(-355)).
67
Let r = -40 - -41. Let d be (-2 + 1)*(-7)/r. Let z(p) = 3*p**2 - 22*p + 9. List the prime factors of z(d).
2
Suppose -2*s = 3*o + 6, 0 = -4*o - 0 - 16. Let y(a) = -8*a. Let l(b) = 90*b - 5. Let h(i) = 2*l(i) + 18*y(i). List the prime factors of h(s).
2, 7
Let g(z) be the first derivative of -z**4/4 + z**3/3 - 6. Let a(u) = -3*u**3 - 2*u**2 + 3*u + 11. Let n(l) = a(l) - 2*g(l). List the prime factors of n(-6).
5, 13
Let n(v) = -25*v + 220*v**2 - 422*v**2 + 222*v**2 - 51 + v**3. List the prime factors of n(-17).
17, 73
Let b(i) = i**3 + 8*i**2 + 11*i + 30. Let d be b(-7). Suppose 0 = -l + d*j - 11, -6*l + 2*j = -4*l + 14. Let h(m) = -90*m + 4. List the prime factors of h(l).
2, 137
Let g(x) = -x**3 + 12*x**2 + 44*x - 92. Let z be g(22). Let l = -2791 - z. What are the prime factors of l?
3, 17, 23
Let v be 23/3 - 23/(-69). Suppose v*k = -b + 4*k + 274, 0 = 3*b - k - 861. What are the prime factors of b?
2, 11, 13
Let b(y) be the third derivative of -10*y**4/3 - 20*y**3 - 40*y**2 + 3. List the prime factors of b(-7).
2, 5, 11
Let z = -12 + 13. Suppose 0 = 5*g - 2*n + 45, g + 2*n - z - 2 = 0. Let x = 16 + g. What are the prime factors of x?
3
What are the prime factors of (-9*168/(-90))/((-18)/(-18180))?
2, 3, 7, 101
Suppose 2*a = 3*b - 23, 0 = -3*b + 3*a + 2*a + 8. Suppose -2*q + 4*c = -120, 0 = 5*c + b + 4. Let d = -47 + q. List the prime factors of d.
7
Suppose -4*k = -6*k + 3*a + 38, a = -3*k + 35. List the prime factors of 0 + 113 - (k + -12).
2, 7
Let l = 23947 - 13184. List the prime factors of l.
47, 229
Let c = -5041 - -34860. List the prime factors of c.
29819
Let j = -2013 - -9505. List the prime factors of j.
2, 1873
Let q(x) = -24*x**2 - 28 + 21 + 26*x**2 - 29*x. What are the prime factors of q(-9)?
2, 13
Let y = 35 + -39. Let u be (1491/(-14))/(6/y). List the prime factors of -1 + u + (-3)/(-1).
73
What are the prime factors of (2/4)/((-116)/(-16924400))?
2, 5, 1459
Suppose 534*a - 568*a + 177718 = 0. What are the prime factors of a?
5227
Let s = 227 - -19. Let v = -8 + s. What are the prime factors of v?
2, 7, 17
Let x = -9 + 15. Let b(u) = -7*u - 113. Let f(g) = 3*g + 56. Let v(l) = 6*b(l) + 13*f(l). What are the prime factors of v(x)?
2
Let c(g) = -2*g**2 + 7*g + 137. Let x be c(9). Suppose 7982 + 2164 = x*o. List the prime factors of o.
3, 89
Let y(a) = -3*a - 44. Let j be y(-15). Let n be (j + -1 + -1)*229*-2. Let p = n - 209. List the prime factors of p.
3, 83
Let a(f) = -f**2 + 6*f + 19. Let u be a(8). Suppose -u*p = 2*p - 1960. List the prime factors of p.
2, 7
Let z = 320 + -310. Suppose 0 = 6*s - z*s + 1028. What are the prime factors of s?
257
What are the prime factors of (2/4)/(427/20490876)?
2, 3, 31, 43
List the prime factors of (2/(-4) + 2877854/248)*4.
5, 9283
Let m(h) = 4*h**2 + 27*h - 7. Let f be m(-7). Suppose f = 226*s - 231*s + 2045. What are the prime factors of s?
409
Let j = 4 - 2. Let z be (-2)/8*-2*8. Suppose 